 j(b). Is -382*4/f*1 a prime number?
True
Suppose -8*y = -4*y - 12736. Let q = -2265 + y. Is q a composite number?
False
Let i = 4962 + -3491. Is i a prime number?
True
Suppose 4*z + c + 1577 = 14767, -z - c = -3296. Let g = -1701 + z. Is g a prime number?
True
Suppose -5 = -r - 3*a - 58, 252 = -4*r - 4*a. Let z = 429 - r. Is z a prime number?
False
Suppose 8*i = 6*i + 3*g + 1010942, 2*g - 2021916 = -4*i. Is i composite?
True
Let a(u) = 1384*u + 15. Let n be a(3). Is n/11 - 0 - 2/(-11) prime?
True
Suppose -r = -5 + 2. Let l(g) = 4*g**2 - 7*g + 2. Let s(u) = u**2 + u. Let w(j) = r*s(j) - l(j). Is w(8) prime?
False
Let y = 923 + 12630. Is y a composite number?
False
Let g = 31 + -35. Is g/(-16) - 3372/(-16) composite?
False
Let u = -5031 + 8824. Is u composite?
False
Let w(a) = 4*a**2 - 6. Let p be (-4 + -4)/2 + -2. Let r be w(p). Suppose 3*s = -3*s + r. Is s composite?
False
Let x(g) = 6*g**3 - 2. Let i be x(3). Suppose r = 10 - 1. Suppose -m + i = -r. Is m a composite number?
True
Let c(i) = -3*i**3 - 71*i**2 - 66*i - 47. Is c(-28) composite?
True
Let y(n) = 5065*n + 42. Is y(4) composite?
True
Suppose 2*u - 8 = 0, 3*j - 3*u - 1461 = -0*u. Is j prime?
True
Suppose -33*w + 172492 + 5147 = 0. Is w prime?
False
Let q = 6 - 10. Is (-6)/(-6) + q - 272/(-1) a prime number?
True
Suppose -3*r - 3*p + 8*p = -3253, 0 = -4*r + 4*p + 4332. Is r a composite number?
True
Let i(v) = -194*v**3 + v**2 - 5*v - 5. Let b(j) = j**3 - 4*j**2 + 4*j - 2. Let f be b(2). Is i(f) prime?
False
Is (1 + 7270/8)/((-51)/(-68)) a prime number?
True
Let j be 5 - (-1)/((-3)/(-3)). Let y be ((-15)/(-10))/(j/8). Suppose y*z - 495 = 167. Is z prime?
True
Let t = 8 + -8. Suppose -q - 3*x + 155 = 0, 441 = -t*q + 3*q - 3*x. Is q prime?
True
Suppose -2*m + 0*m - 180 = 3*s, -5*m + 5*s = 500. Let u be 218/6*m/(-2). Suppose 5*i + 5*y = i + u, 12 = 3*y. Is i composite?
False
Let r = 3507 + -1514. Is r a prime number?
True
Let t(o) = -12*o**2 - 20*o - 1. Let u(f) = 25*f**2 + 41*f + 1. Let q(r) = -13*t(r) - 6*u(r). Is q(-6) composite?
False
Let v = -5 - -5. Suppose 2*i + 0*i = -5*a - 3, -2*i - 4*a - 6 = v. Let l = 15 + i. Is l prime?
False
Let u(t) = -t + 10. Let b be u(8). Suppose -22 = -4*v - 14. Suppose 5*w = -b*l + 179, w + w = -v*l + 68. Is w a prime number?
True
Suppose -329385 = -12*r - 23*r. Is r composite?
True
Suppose 5*x = -4*s + 79349, -6*x = -5*x + 3. Is s a prime number?
True
Let a = 23996 - 13023. Is a a prime number?
True
Let l = -33 + 34. Let f be (6822/45)/(l/(-5)). Is (0 + -1)*(7 + f) prime?
True
Suppose 4*j + 3*f = 49, j + f - 33 = -2*j. Suppose 8*z - 3*z - j = 0. Is 1/z + (-438)/(-12) a composite number?
False
Let y be -8*2/12*-3. Let h(i) = -y*i**2 - 12*i - 14*i - 9*i**2 + i**3 + 7*i + 20. Is h(15) prime?
False
Let h = 474 + -143. Suppose -2*u + 7*u + 3*r - 22 = 0, -5*r = -5*u + 30. Suppose u*s + h = 6*s. Is s a composite number?
False
Suppose -51*d + 10635 = -36*d. Is d prime?
True
Suppose -24793 = -6*p + 33137. Is p a prime number?
False
Suppose 97 = 3*j - 131. Suppose -j = -b + 51. Suppose -4*c - 39 = -b. Is c a composite number?
True
Let y = -119458 + 207251. Is y a prime number?
True
Suppose 2*l + q - 2178 = 0, 5*q = 4*l - 423 - 3905. Is l prime?
True
Let t(c) = 78*c**2 - 26*c + 1. Is t(-14) a composite number?
True
Let y(j) be the second derivative of -5/2*j**2 - 5*j + 0 - 35/2*j**3. Is y(-4) a composite number?
True
Let n be 37/7 - (-4)/(-14). Suppose n*v + 325 = 5*b, -4*b + 360 = 2*v + 76. Is b a prime number?
False
Suppose 0 = 2*g + 5 + 7. Let z(s) = 7*s**2 - 3*s - 1. Let j be z(g). Suppose j = k + 36. Is k a composite number?
False
Let v(o) = 13*o**2 - 4*o + 7. Is v(6) composite?
True
Suppose -5*a + 30 = 5. Suppose 715 - 160 = a*o. Is o a composite number?
True
Suppose -6*s = -2*s + 3*z - 62476, 3*s - 46857 = -3*z. Is s a composite number?
False
Let r be (-24)/(-132) + 42/11. Suppose -4*z = 3*u - 8*u - 1437, 5*z - r*u = 1794. Is z a prime number?
False
Let m(y) = 1853*y**2 - 12*y - 3. Is m(-2) prime?
True
Let r = 771 + 398. Is r composite?
True
Let x(w) = -5*w + 2. Let t be x(-2). Let q = 16 - t. Suppose -2*o = -u + q*u - 791, -u + 3*o + 260 = 0. Is u a prime number?
True
Suppose 3*i - 3*v + 4 = -i, 0 = 5*i + 3*v - 22. Suppose -i*a + 369 + 41 = 0. Is a prime?
False
Suppose 9*h = 7*h + 206. Is h prime?
True
Let n(i) = 24*i**3 - 56*i**2 + 698*i + 11. Is n(10) a composite number?
False
Is 130/390 - (-151418)/3 composite?
True
Suppose -y - 119 = l + 2*l, -5*l = 4*y + 490. Is 25/y + 4462/10 a prime number?
False
Let z(y) = 99*y**3 - 2*y**2 + 3*y - 7. Is z(3) a composite number?
False
Let q(m) = 2524*m + 2. Is q(5) a composite number?
True
Let u = 4255 + -2097. Suppose 1017 + u = 5*t. Is t a prime number?
False
Let u(g) = -23*g**2 + 6*g - 8. Let o be u(6). Let z = 1357 + o. Is z a prime number?
True
Suppose -23 = 2*g - 21. Is 653*(0/1 - g) prime?
True
Let i(h) be the third derivative of h**5/10 - 11*h**4/24 - 5*h**3/6 + 7*h**2. Let k be i(7). Suppose -4*q = -6*q + k. Is q prime?
False
Let b(u) = 40854*u**3 - 3*u**2 + u + 1. Is b(1) composite?
False
Is 9871*(-7)/(-4 + -3) a composite number?
False
Let w(n) = n**2 + 4*n - 4. Let g be w(-5). Let y = g + 92. Is y a composite number?
True
Let c(l) = -18*l**3 + 20*l**2 - 2*l + 7. Is c(-9) composite?
False
Let k = 65 - 44. Suppose 0 = 4*t - 12, 3*t + k = 3*c + 5*t. Suppose 2*g + 3*g - 1010 = w, c*w - 228 = -g. Is g a composite number?
True
Let h(g) = -g**3 + 7*g**2 - 9*g + 9. Let i be h(5). Suppose -5108 = -i*x + 10*x. Is x prime?
True
Let q = -457 + 813. Suppose 2*g = m - 463, 3*g - m + 1150 = -2*g. Let r = g + q. Is r composite?
False
Let i(f) = -f**3 + 13*f**2 + 14*f + 4. Let t be i(15). Let d = t - -415. Is d a prime number?
True
Is 5/2 - (-4)/((-40)/(-825)) prime?
False
Is (164658/(-546))/((-2)/658) a composite number?
True
Is (1/(-3))/((-1)/993) composite?
False
Let w = 7943 - 11475. Let z = w - -5961. Is z a prime number?
False
Let y be 1*6564 - (1 - -1). Is y/14 + 2 + 48/(-28) a prime number?
False
Suppose 5*u + 18098 + 9612 = 5*d, 2*d = -2*u + 11088. Is d a composite number?
True
Suppose 8 = -3*x + 2, 388 = 4*d + 2*x. Suppose 4*q = -110 - d. Let v = q + 201. Is v a prime number?
True
Let y(q) = q + 17. Let k be y(-16). Is (6*(-326)/(-4))/k a composite number?
True
Let d(z) = 17*z - 5. Let y be d(1). Is (30247/21)/(4/y) prime?
False
Suppose 3*t - 17385 = -9*c + 12*c, -5799 = -t + 5*c. Is t prime?
False
Suppose -3*a - 2*c = -c - 754, 2*c = -3*a + 755. Is (a + -4 + 7)*11/2 a prime number?
False
Suppose 3*m - 4*m = -c + 663, 3*m = 5*c - 3315. Suppose -c - 1843 = -5*r + 3*t, r - 500 = t. Is r composite?
False
Is ((-15)/20)/((-51)/867544) a composite number?
True
Suppose -14*z + 5*b + 338828 = -11*z, b = 5*z - 564728. Is z composite?
True
Suppose -2*f + u - 21 = f, 3 = u. Let x be f/36 - (-2689)/6. Let q = 642 - x. Is q a composite number?
True
Suppose 22662 = -18*d + 36*d. Is d composite?
False
Let w(o) = -62*o + 19. Let u be (1 + 24/(-4))*1. Is w(u) composite?
True
Let o be 2/4 - 3/(-6). Let k(s) = -12*s - 12. Let z(p) = -1. Let u(a) = o*k(a) - 9*z(a). Is u(-6) a prime number?
False
Suppose 2*d = -a + 1476, d - 5*d + 2962 = -3*a. Is d prime?
True
Let o(q) = -3*q**2 + 1. Suppose 0 = 2*r + 3 + 1. Let y be o(r). Is (y/5)/(1/(-5)) composite?
False
Suppose -5*n = -2*q - 1719 + 6981, 0 = 3*n. Is q a prime number?
False
Let d(s) = -3*s**3 - 10*s**2 - 3*s - 9. Let c(k) = -k**2 - 2*k - 7. Let p be c(0). Is d(p) prime?
False
Let d(v) = 70*v + 27. Let h(s) = 349*s + 136. Let n(c) = 11*d(c) - 2*h(c). Is n(17) a composite number?
False
Let b(q) = 5 - 5*q**3 + 7*q**2 - q + 2*q**3 + 2*q**3 - 8*q. Let y be b(6). Let c = y + 27. Is c a composite number?
True
Suppose l = 15960 + 53203. Is l a prime number?
True
Let s be (-18084)/(-8) + 2 + (-2)/(-4). Suppose -4*y = 4*n - 1796, -3*y = 2*y - 4*n - s. Is y composite?
True
Let d(i) = 192*i - 45. Let p(k) = -96*k + 23. Let t(q) = 4*d(q) + 7*p(q). Is t(7) a prime number?
True
Let m be -4 + 7 - (-1 + 12). Is 73 - (m - (-1 + -3)) a prime number?
False
Suppose 5*r - 693 = 77. Suppose 3*n - 158 = 5*n - o, 5*n - 4*o + 401 = 0. Let h = n + r. Is h a composite number?
True
Suppose 0 = -16*v + 21*v. Suppose z - 842 = -a, v = 4*a - 8 - 8. Is z prime?
False
Let v(a) = 837*a - 23. Is v(2) a prime